17577 - 7591 = -52*d. Does 3 divide d?
False
Let a = 45 - 144. Let f = -43 - a. Is 7 a factor of f?
True
Let n = -153 - -2077. Is 14 a factor of n?
False
Let y(t) = -2087*t**3 + 2*t**2 - 5*t - 6. Is 70 a factor of y(-1)?
False
Let x = 7752 - 4312. Is x a multiple of 86?
True
Let m be (24/(-5))/1*(-560)/(-168). Let w(k) = -k + 75. Is 35 a factor of w(m)?
False
Suppose 0 = 8*n + 947 + 525. Let o = 115 - n. Is o a multiple of 53?
False
Let d = 3423 + -2043. Is d a multiple of 69?
True
Let i be (-6)/(-2) + (-5 - -2). Suppose i = 5*d + 20, 3*w + w = -3*d + 184. Is w a multiple of 11?
False
Suppose 0 = 5*l - 5, -4*r - 6727 = -8*r + l. Is r a multiple of 29?
True
Suppose 2*l - 78 = 818. Suppose -3*z - 4*m + l = 0, -3*z + 4*m = -5*z + 300. Does 37 divide z?
True
Let k(p) = 22*p - 595. Is k(29) a multiple of 5?
False
Let d = -2 - -4. Let f(l) = l - 3*l - 3*l**3 - 2*l**d + l**3 + 0*l. Does 13 divide f(-3)?
False
Let w = 3776 + 475. Is w a multiple of 127?
False
Suppose -4*p + 3*n + 19 + 8 = 0, -4*p = 4*n - 20. Let u(f) = -p*f - 7*f + 1 + 2. Is u(-6) a multiple of 22?
False
Let t(k) = k**2 + 16*k - 60. Is 15 a factor of t(9)?
True
Suppose -7 = -2*j - 3*m, j + 2*m = -0*m + 3. Suppose j*c = y + 465, -2*y - 272 = -3*c - 0*y. Does 34 divide 2 + -3 + c + 4?
False
Let y be (-30)/9*18/(-4). Suppose -12 = 2*u - 4*g + 22, -u + g = y. Let d(q) = -3*q - 7. Is 8 a factor of d(u)?
True
Let i = 15 - 12. Let s(b) = 11 - 3*b**3 - i*b**3 + 5*b - 2*b**3 + 7*b**3 + 8*b**2. Does 9 divide s(8)?
False
Let l(a) = a**2 + 4*a + 8. Let c be l(-2). Let x = 1 + 2. Is 7 a factor of -1*(-21)/(c - x)?
True
Let i(j) = j**3 - 13*j**2 - 28*j - 31. Let y be i(15). Is 5 a factor of (22/y - 3)/(-1)?
True
Suppose 14*o - 15*o = -2. Suppose 0*k = -o*k + 5*c + 40, -3*k - 2*c = -41. Does 3 divide k?
True
Suppose 3*w = 4*w - 199. Let l be 11/(-66) + w/6. Suppose -l = 5*q - 128. Is q a multiple of 4?
False
Let u be (4/1)/(-2 + 3). Let t be u + 0 + (2 - 4). Let l = 33 + t. Does 7 divide l?
True
Let k = -3 - -5. Let v(x) = -3*x + 0*x**k + 3*x**3 - 4*x**2 + x**3 + 7. Is 18 a factor of v(3)?
False
Suppose 8 - 26 = 6*a. Is 26 a factor of 77/3 - a/9?
True
Let u = 34 + -23. Suppose 5*i - u = 49. Is i a multiple of 6?
True
Is 11 a factor of 764 - ((-18)/(-6) - (1 - -4))?
False
Suppose 3*r + 55 = -2*r. Let y = r + 13. Let i(f) = 3*f**3 + 3*f**2 - 2*f + 1. Does 11 divide i(y)?
True
Let v = -63 + 206. Let x be 3 - 1 - 550/(-11). Suppose x = s - 4*y, 4*s + 15 = -4*y + v. Does 20 divide s?
False
Suppose c + 4*w = -5, -2*c + 1 = -c + 2*w. Let p be (3 + c)*6/15. Suppose 228 = 3*o + 4*m, -3*o + 2*o + 76 = p*m. Is 19 a factor of o?
True
Let g(n) be the third derivative of -n**5/60 + 5*n**4/24 - n**3/3 + 2*n**2. Let j be g(2). Suppose 143 = 4*d - q, -3*q = -j*d - q + 146. Is 9 a factor of d?
False
Let v be (7 + -2)/(5/5). Suppose 3*u - v*u = -8. Suppose 63 = u*z - 29. Is z a multiple of 15?
False
Suppose 4*j = 5*k + 17, -5*j = 4*k - 4 - 7. Is (-27)/k + (-1 + -1 - -2) a multiple of 16?
False
Suppose 70*a - 136821 = 25719. Is a a multiple of 54?
True
Let h(r) be the second derivative of -29*r**3/3 - 12*r. Is 29 a factor of h(-2)?
True
Let d = 77 - -139. Does 27 divide d?
True
Suppose 0 = 67*g - 69*g + 60. Suppose -g*t - 103 = -31*t. Is t a multiple of 13?
False
Suppose -320 = -2*b - 14*p + 12*p, -b = 3*p - 160. Does 16 divide b?
True
Let t(q) = 26*q**2 - 18*q - 72. Is t(-3) a multiple of 12?
True
Let i be 11106/72 - (-1)/(-4). Suppose 7*s - 5*s + i = 0. Let b = -44 - s. Does 12 divide b?
False
Let i be 4/10 - (-24)/15. Suppose i*y = 8 + 4. Is 110/y + (-2)/6 a multiple of 11?
False
Let f = 12 + -4. Let x be (27/(-12))/((-3)/f). Is 21 a factor of (11 - 4)/(2/x)?
True
Suppose 5*n - 627 = -2*r - r, -3*n + 5*r = -383. Does 21 divide n?
True
Suppose d = 5*s - 996, -2*s + 305 = 3*d - 107. Is 50 a factor of s?
True
Suppose 4*u - 299 = 101. Suppose -u = -z + 59. Suppose -2*a = 4*i - 59 - 163, a = 3*i - z. Does 9 divide i?
True
Suppose 0 = b + 4, 55 = -3*d + b + 581. Does 19 divide d?
False
Let b = 189 + 181. Let c(f) = -3*f + 52. Let s be c(10). Is 16 a factor of b/s + (-4)/(-22)?
False
Let x(a) = a**3 - 8*a**2 + 2*a + 4. Suppose 0 = -3*v - v - 28. Let d = v + 15. Is x(d) a multiple of 20?
True
Let u(o) = 41*o**2. Let z be u(3). Let q = z + -238. Is 30 a factor of q?
False
Let h be (-57)/(-15) + (-2)/(-10). Let k be (-6)/h*(1 - -143). Let o = -152 - k. Is 23 a factor of o?
False
Suppose 0 = -3*f + 2*g + 1880, 8*g = -5*f + 5*g + 3108. Is f a multiple of 104?
True
Let u = 172 - 134. Is 19 a factor of u?
True
Suppose 0 = 4*g - 5*t + 202, 5*g + 5*t = -0*t - 230. Let s = -81 - g. Does 2 divide (-4)/22 + (-138)/s?
True
Let z(c) = c**2 + 3*c + 3. Suppose -5*s = -8*s + 12. Does 14 divide z(s)?
False
Let m be (260/(-25))/((-4)/10). Suppose 2*w = w + r - m, r = 3*w + 70. Let u = w + 27. Does 5 divide u?
True
Suppose -6 = -u + 59. Suppose 0*q + 25 = q - 2*n, -5*q - 2*n = -u. Suppose -5*j + q = -145. Is 8 a factor of j?
True
Let g(v) = -9*v**2 + 13*v + 2. Let d(s) = -5*s**2 + 7*s + 1. Let n(o) = -11*d(o) + 6*g(o). Let q be 2*-3*2/6. Is 3 a factor of n(q)?
True
Let t = 41 - 27. Suppose -5*i - 4*h = -32, t = -5*i - 5*h + 49. Suppose -d = 3*s - 62, 0*s + 3*s - i*d = 52. Is s a multiple of 10?
True
Suppose 8*n - 2*n = 12. Suppose 55 = 3*x - 0*x + n*q, 3*q + 75 = 3*x. Does 5 divide x?
False
Suppose 2097 = 2*i + 2*h - 1617, -3*i + 5566 = -2*h. Does 32 divide i?
True
Let i(t) = 4*t**2 - 6*t + 5. Let q be i(3). Let h = -49 + q. Let l = h + 38. Is l a multiple of 6?
True
Let b = 154 + -169. Let k(m) = m**3 + 15*m**2 - 20*m - 22. Is k(b) a multiple of 26?
False
Suppose 0 = -2*u - 3*h + 31 + 86, u - 3*h - 36 = 0. Let b = u - 30. Is b a multiple of 7?
True
Let a = 169 + -171. Is 5 a factor of 35/a*(-6)/(-14)*-2?
True
Let s(b) = 2*b**2 - 10*b - 4. Is s(6) a multiple of 2?
True
Suppose 18 = 4*k + 2. Let l(p) = -1 + 0 + p + k*p. Is 5 a factor of l(3)?
False
Let m be 3*20/12*13. Let o = m + 1. Is o a multiple of 19?
False
Let w(l) = 3*l**2 + 4*l - 45. Is w(-9) a multiple of 54?
True
Let q(r) = r**3 - 4*r**2 - 5*r - 5. Let v be q(5). Does 6 divide 1*(0 + (1 - v))?
True
Suppose 0 = -4*p + 315 - 115. Is 5 a factor of p/((-10)/(-5)*1)?
True
Suppose 4*m - 1616 - 112 = 0. Is m a multiple of 27?
True
Is 18*(-108)/8*-1 a multiple of 22?
False
Let k(i) = -60*i - 172. Is k(-5) a multiple of 16?
True
Let z = 1 - 9. Is 10 a factor of (4/(-7))/(z/308)?
False
Let c = 3567 + -1124. Is c a multiple of 7?
True
Let u(s) = s**3 - 3*s - 1. Let j be u(-2). Suppose -2 - 369 = -7*n. Is 18 a factor of -2 - j - (0 - n)?
True
Is 6 a factor of (-1 + 5/(50/358))*5?
True
Let y(q) = -q**3 + 2*q**2 + 5*q + 3. Let j be y(4). Let t be ((-51)/j)/(2/6). Suppose -5 = 2*k - 3*u, -t = -0*k - k - 5*u. Is k even?
True
Is 70 a factor of (-35464)/(-22) + (-5)/((-15)/(-6))?
True
Suppose 5*l - 8 = l. Let o be 160/4*l/5. Suppose -s + o = s. Is 8 a factor of s?
True
Suppose -5*p + 9 = -0*p - 2*v, 0 = 3*v + 6. Let h(w) be the third derivative of 19*w**4/24 + w**3/6 - w**2. Does 6 divide h(p)?
False
Let l(o) = 4*o**2 + 61*o - 51. Does 28 divide l(-25)?
True
Suppose -5*k + 9*i - 4*i - 30 = 0, 2*k + 5*i = -47. Let b = k + 10. Is 13 a factor of 13 - ((-4 - b) + 2)?
False
Let w(d) = -2*d + 2. Let i be w(7). Let n be (-26)/i - (-5)/(-30). Suppose -3*x = -s + 9 + 7, -3*s - n*x + 37 = 0. Is 13 a factor of s?
True
Suppose 2*o = -3*r + 42 + 115, o = -5*r + 250. Is -6 + r + 0 - (-1 + 2) even?
True
Suppose 2*v = 2*c - 14, -11 - 11 = 3*v - 4*c. Let l = 1 - 2. Does 23 divide (27/v)/(l/18)?
False
Suppose -5*h + 17*t = 13*t - 1360, t - 544 = -2*h. Does 8 divide h?
True
Let c be (-1960)/(-24) - (-3)/9. Suppose 4*w = c - 30. Is 4 a factor of w?
False
Let l(a) = 3*a - a**2 - 5*a**2 + 1 - 3*a + 2*a**3. Suppose -2*r + 43 = 35. Does 9 divide l(r)?
False
Suppose -2*r + 5*t + 1426 + 904 = 0, 5*t + 1175 = r. Is 35 a factor of r?
True
Let c be -2*(-2)/2*(-440 - 4). Is (4 - c/18) + 2/(-6) a multiple of 18?
False
Let x(r) = -r**2 + 11*r - 10. Let a be x(10). Suppose a = -5*d + 10. Suppose d*v - 2*c = 18, 2*c - c - 43 = -3*v. Does 13 divide v?
True
Let k(g) be the first derivative of -g**4 - 2*g**3/3 - 2*g**2 - 4*g + 8. Is k(-3) a multiple of 7?
True
Suppose 5*g + 209 = -5*t + 8*t, 0 = 4*t - 4*g - 276. Is t a multiple of 1